{"id":6263,"date":"2024-03-12T12:26:00","date_gmt":"2024-03-12T12:26:00","guid":{"rendered":"https:\/\/www.pmc-wine.com\/?post_type=vinhos&#038;p=6263"},"modified":"2024-03-12T12:26:01","modified_gmt":"2024-03-12T12:26:01","slug":"vale-da-parra-rouge","status":"publish","type":"vinhos","link":"https:\/\/www.pmc-wine.com\/fr\/vinhos\/vale-da-parra-rouge\/","title":{"rendered":"Vale da Parra Rouge"},"content":{"rendered":"\n<p>Vin typique de l&rsquo;Algarve, \u00e9labor\u00e9 \u00e0 partir des c\u00e9pages courants de la r\u00e9gion &#8211; Negra Mole, Castel\u00e3o et Aragon\u00eas.<\/p>\n\n\n\n<p>Sa robe est d&rsquo;un rubis profond. Ar\u00f4me avec beaucoup de fruits m\u00fbrs, prune, un peu de profondeur. Bouche en ligne, avec de la saveur et de la poigne, large et avec de la structure, des tannins m\u00fbrs et une acidit\u00e9 \u00e9quilibr\u00e9e. Un vin simple, direct, sans concession.<\/p>\n\n\n\n<p>Ce vin se marie bien avec un steak de b\u0153uf bien assaisonn\u00e9, avec des \u00e9pices et une saveur intense. Ajoutez-y des champignons grill\u00e9s et des asperges et vous obtiendrez la combinaison id\u00e9ale pour un repas divin.<\/p>\n","protected":false},"excerpt":{"rendered":"<p>Vin typique de l&rsquo;Algarve, \u00e9labor\u00e9 \u00e0 partir des c\u00e9pages courants de la r\u00e9gion &#8211; Negra Mole, Castel\u00e3o et Aragon\u00eas. Sa robe est d&rsquo;un rubis profond. Ar\u00f4me avec beaucoup de fruits m\u00fbrs, prune, un peu de profondeur. Bouche en ligne, avec de la saveur et de la poigne, large et avec de la structure, des tannins [&hellip;]<\/p>\n","protected":false},"featured_media":5269,"menu_order":0,"template":"","format":"standard","meta":{"footnotes":""},"tipos-de-vinho":[118],"regioes":[121],"produtor":[149],"class_list":["post-6263","vinhos","type-vinhos","status-publish","format-standard","has-post-thumbnail","hentry","tipos-de-vinho-rouge","regioes-algarve-fr","produtor-quinta-da-malaca-fr"],"acf":[],"yoast_head":"<!-- This site is optimized with the Yoast SEO plugin v27.5 - https:\/\/yoast.com\/product\/yoast-seo-wordpress\/ -->\n<title>Vale da Parra Rouge - PMC Wine &amp; Food<\/title>\n<meta name=\"description\" content=\"Vin typique de l&#039;Algarve, \u00e9labor\u00e9 \u00e0 partir des c\u00e9pages courants de la r\u00e9gion - Negra Mole, Castel\u00e3o et Aragon\u00eas.\" \/>\n<meta name=\"robots\" content=\"index, follow, max-snippet:-1, max-image-preview:large, max-video-preview:-1\" \/>\n<link rel=\"canonical\" href=\"https:\/\/www.pmc-wine.com\/fr\/vinhos\/vale-da-parra-rouge\/\" \/>\n<meta property=\"og:locale\" content=\"fr_FR\" \/>\n<meta property=\"og:type\" content=\"article\" \/>\n<meta property=\"og:title\" content=\"Vale da Parra Rouge - PMC Wine &amp; Food\" \/>\n<meta property=\"og:description\" content=\"Vin typique de l&#039;Algarve, \u00e9labor\u00e9 \u00e0 partir des c\u00e9pages courants de la r\u00e9gion - Negra Mole, Castel\u00e3o et Aragon\u00eas.\" \/>\n<meta property=\"og:url\" content=\"https:\/\/www.pmc-wine.com\/fr\/vinhos\/vale-da-parra-rouge\/\" \/>\n<meta property=\"og:site_name\" content=\"PMC Wine &amp; Food\" \/>\n<meta property=\"article:modified_time\" content=\"2024-03-12T12:26:01+00:00\" \/>\n<meta property=\"og:image\" content=\"https:\/\/www.pmc-wine.com\/wp-content\/uploads\/2021\/07\/Design-sem-nome-8-1.png\" \/>\n\t<meta property=\"og:image:width\" content=\"300\" \/>\n\t<meta property=\"og:image:height\" content=\"300\" \/>\n\t<meta property=\"og:image:type\" content=\"image\/png\" \/>\n<meta name=\"twitter:card\" content=\"summary_large_image\" \/>\n<meta name=\"twitter:label1\" content=\"Dur\u00e9e de lecture estim\u00e9e\" \/>\n\t<meta name=\"twitter:data1\" content=\"1 minute\" \/>\n<script type=\"application\/ld+json\" class=\"yoast-schema-graph\">{\"@context\":\"https:\\\/\\\/schema.org\",\"@graph\":[{\"@type\":\"WebPage\",\"@id\":\"https:\\\/\\\/www.pmc-wine.com\\\/fr\\\/vinhos\\\/vale-da-parra-rouge\\\/\",\"url\":\"https:\\\/\\\/www.pmc-wine.com\\\/fr\\\/vinhos\\\/vale-da-parra-rouge\\\/\",\"name\":\"Vale da Parra Rouge - PMC Wine & Food\",\"isPartOf\":{\"@id\":\"https:\\\/\\\/www.pmc-wine.com\\\/fr\\\/#website\"},\"primaryImageOfPage\":{\"@id\":\"https:\\\/\\\/www.pmc-wine.com\\\/fr\\\/vinhos\\\/vale-da-parra-rouge\\\/#primaryimage\"},\"image\":{\"@id\":\"https:\\\/\\\/www.pmc-wine.com\\\/fr\\\/vinhos\\\/vale-da-parra-rouge\\\/#primaryimage\"},\"thumbnailUrl\":\"https:\\\/\\\/www.pmc-wine.com\\\/wp-content\\\/uploads\\\/2021\\\/07\\\/Design-sem-nome-8-1.png\",\"datePublished\":\"2024-03-12T12:26:00+00:00\",\"dateModified\":\"2024-03-12T12:26:01+00:00\",\"description\":\"Vin typique de l'Algarve, \u00e9labor\u00e9 \u00e0 partir des c\u00e9pages courants de la r\u00e9gion - Negra Mole, Castel\u00e3o et Aragon\u00eas.\",\"breadcrumb\":{\"@id\":\"https:\\\/\\\/www.pmc-wine.com\\\/fr\\\/vinhos\\\/vale-da-parra-rouge\\\/#breadcrumb\"},\"inLanguage\":\"fr-FR\",\"potentialAction\":[{\"@type\":\"ReadAction\",\"target\":[\"https:\\\/\\\/www.pmc-wine.com\\\/fr\\\/vinhos\\\/vale-da-parra-rouge\\\/\"]}]},{\"@type\":\"ImageObject\",\"inLanguage\":\"fr-FR\",\"@id\":\"https:\\\/\\\/www.pmc-wine.com\\\/fr\\\/vinhos\\\/vale-da-parra-rouge\\\/#primaryimage\",\"url\":\"https:\\\/\\\/www.pmc-wine.com\\\/wp-content\\\/uploads\\\/2021\\\/07\\\/Design-sem-nome-8-1.png\",\"contentUrl\":\"https:\\\/\\\/www.pmc-wine.com\\\/wp-content\\\/uploads\\\/2021\\\/07\\\/Design-sem-nome-8-1.png\",\"width\":300,\"height\":300},{\"@type\":\"BreadcrumbList\",\"@id\":\"https:\\\/\\\/www.pmc-wine.com\\\/fr\\\/vinhos\\\/vale-da-parra-rouge\\\/#breadcrumb\",\"itemListElement\":[{\"@type\":\"ListItem\",\"position\":1,\"name\":\"Accueil\",\"item\":\"https:\\\/\\\/www.pmc-wine.com\\\/fr\\\/\"},{\"@type\":\"ListItem\",\"position\":2,\"name\":\"Vins\",\"item\":\"https:\\\/\\\/www.pmc-wine.com\\\/fr\\\/vinhos\\\/\"},{\"@type\":\"ListItem\",\"position\":3,\"name\":\"Vale da Parra Rouge\"}]},{\"@type\":\"WebSite\",\"@id\":\"https:\\\/\\\/www.pmc-wine.com\\\/fr\\\/#website\",\"url\":\"https:\\\/\\\/www.pmc-wine.com\\\/fr\\\/\",\"name\":\"PMC Wine & Food\",\"description\":\"Po\u00e9sie en Bouteille\",\"publisher\":{\"@id\":\"https:\\\/\\\/www.pmc-wine.com\\\/fr\\\/#organization\"},\"potentialAction\":[{\"@type\":\"SearchAction\",\"target\":{\"@type\":\"EntryPoint\",\"urlTemplate\":\"https:\\\/\\\/www.pmc-wine.com\\\/fr\\\/?s={search_term_string}\"},\"query-input\":{\"@type\":\"PropertyValueSpecification\",\"valueRequired\":true,\"valueName\":\"search_term_string\"}}],\"inLanguage\":\"fr-FR\"},{\"@type\":\"Organization\",\"@id\":\"https:\\\/\\\/www.pmc-wine.com\\\/fr\\\/#organization\",\"name\":\"PMC Wine & Food\",\"url\":\"https:\\\/\\\/www.pmc-wine.com\\\/fr\\\/\",\"logo\":{\"@type\":\"ImageObject\",\"inLanguage\":\"fr-FR\",\"@id\":\"https:\\\/\\\/www.pmc-wine.com\\\/fr\\\/#\\\/schema\\\/logo\\\/image\\\/\",\"url\":\"https:\\\/\\\/www.pmc-wine.com\\\/wp-content\\\/uploads\\\/2021\\\/06\\\/pmc-logo-cor.svg\",\"contentUrl\":\"https:\\\/\\\/www.pmc-wine.com\\\/wp-content\\\/uploads\\\/2021\\\/06\\\/pmc-logo-cor.svg\",\"width\":180,\"height\":81,\"caption\":\"PMC Wine & Food\"},\"image\":{\"@id\":\"https:\\\/\\\/www.pmc-wine.com\\\/fr\\\/#\\\/schema\\\/logo\\\/image\\\/\"}}]}<\/script>\n<!-- \/ Yoast SEO plugin. -->","yoast_head_json":{"title":"Vale da Parra Rouge - PMC Wine & Food","description":"Vin typique de l'Algarve, \u00e9labor\u00e9 \u00e0 partir des c\u00e9pages courants de la r\u00e9gion - Negra Mole, Castel\u00e3o et Aragon\u00eas.","robots":{"index":"index","follow":"follow","max-snippet":"max-snippet:-1","max-image-preview":"max-image-preview:large","max-video-preview":"max-video-preview:-1"},"canonical":"https:\/\/www.pmc-wine.com\/fr\/vinhos\/vale-da-parra-rouge\/","og_locale":"fr_FR","og_type":"article","og_title":"Vale da Parra Rouge - PMC Wine & Food","og_description":"Vin typique de l'Algarve, \u00e9labor\u00e9 \u00e0 partir des c\u00e9pages courants de la r\u00e9gion - Negra Mole, Castel\u00e3o et Aragon\u00eas.","og_url":"https:\/\/www.pmc-wine.com\/fr\/vinhos\/vale-da-parra-rouge\/","og_site_name":"PMC Wine & Food","article_modified_time":"2024-03-12T12:26:01+00:00","og_image":[{"width":300,"height":300,"url":"https:\/\/www.pmc-wine.com\/wp-content\/uploads\/2021\/07\/Design-sem-nome-8-1.png","type":"image\/png"}],"twitter_card":"summary_large_image","twitter_misc":{"Dur\u00e9e de lecture estim\u00e9e":"1 minute"},"schema":{"@context":"https:\/\/schema.org","@graph":[{"@type":"WebPage","@id":"https:\/\/www.pmc-wine.com\/fr\/vinhos\/vale-da-parra-rouge\/","url":"https:\/\/www.pmc-wine.com\/fr\/vinhos\/vale-da-parra-rouge\/","name":"Vale da Parra Rouge - PMC Wine & Food","isPartOf":{"@id":"https:\/\/www.pmc-wine.com\/fr\/#website"},"primaryImageOfPage":{"@id":"https:\/\/www.pmc-wine.com\/fr\/vinhos\/vale-da-parra-rouge\/#primaryimage"},"image":{"@id":"https:\/\/www.pmc-wine.com\/fr\/vinhos\/vale-da-parra-rouge\/#primaryimage"},"thumbnailUrl":"https:\/\/www.pmc-wine.com\/wp-content\/uploads\/2021\/07\/Design-sem-nome-8-1.png","datePublished":"2024-03-12T12:26:00+00:00","dateModified":"2024-03-12T12:26:01+00:00","description":"Vin typique de l'Algarve, \u00e9labor\u00e9 \u00e0 partir des c\u00e9pages courants de la r\u00e9gion - Negra Mole, Castel\u00e3o et Aragon\u00eas.","breadcrumb":{"@id":"https:\/\/www.pmc-wine.com\/fr\/vinhos\/vale-da-parra-rouge\/#breadcrumb"},"inLanguage":"fr-FR","potentialAction":[{"@type":"ReadAction","target":["https:\/\/www.pmc-wine.com\/fr\/vinhos\/vale-da-parra-rouge\/"]}]},{"@type":"ImageObject","inLanguage":"fr-FR","@id":"https:\/\/www.pmc-wine.com\/fr\/vinhos\/vale-da-parra-rouge\/#primaryimage","url":"https:\/\/www.pmc-wine.com\/wp-content\/uploads\/2021\/07\/Design-sem-nome-8-1.png","contentUrl":"https:\/\/www.pmc-wine.com\/wp-content\/uploads\/2021\/07\/Design-sem-nome-8-1.png","width":300,"height":300},{"@type":"BreadcrumbList","@id":"https:\/\/www.pmc-wine.com\/fr\/vinhos\/vale-da-parra-rouge\/#breadcrumb","itemListElement":[{"@type":"ListItem","position":1,"name":"Accueil","item":"https:\/\/www.pmc-wine.com\/fr\/"},{"@type":"ListItem","position":2,"name":"Vins","item":"https:\/\/www.pmc-wine.com\/fr\/vinhos\/"},{"@type":"ListItem","position":3,"name":"Vale da Parra Rouge"}]},{"@type":"WebSite","@id":"https:\/\/www.pmc-wine.com\/fr\/#website","url":"https:\/\/www.pmc-wine.com\/fr\/","name":"PMC Wine & Food","description":"Po\u00e9sie en Bouteille","publisher":{"@id":"https:\/\/www.pmc-wine.com\/fr\/#organization"},"potentialAction":[{"@type":"SearchAction","target":{"@type":"EntryPoint","urlTemplate":"https:\/\/www.pmc-wine.com\/fr\/?s={search_term_string}"},"query-input":{"@type":"PropertyValueSpecification","valueRequired":true,"valueName":"search_term_string"}}],"inLanguage":"fr-FR"},{"@type":"Organization","@id":"https:\/\/www.pmc-wine.com\/fr\/#organization","name":"PMC Wine & Food","url":"https:\/\/www.pmc-wine.com\/fr\/","logo":{"@type":"ImageObject","inLanguage":"fr-FR","@id":"https:\/\/www.pmc-wine.com\/fr\/#\/schema\/logo\/image\/","url":"https:\/\/www.pmc-wine.com\/wp-content\/uploads\/2021\/06\/pmc-logo-cor.svg","contentUrl":"https:\/\/www.pmc-wine.com\/wp-content\/uploads\/2021\/06\/pmc-logo-cor.svg","width":180,"height":81,"caption":"PMC Wine & Food"},"image":{"@id":"https:\/\/www.pmc-wine.com\/fr\/#\/schema\/logo\/image\/"}}]}},"_links":{"self":[{"href":"https:\/\/www.pmc-wine.com\/fr\/wp-json\/wp\/v2\/vinhos\/6263","targetHints":{"allow":["GET"]}}],"collection":[{"href":"https:\/\/www.pmc-wine.com\/fr\/wp-json\/wp\/v2\/vinhos"}],"about":[{"href":"https:\/\/www.pmc-wine.com\/fr\/wp-json\/wp\/v2\/types\/vinhos"}],"version-history":[{"count":1,"href":"https:\/\/www.pmc-wine.com\/fr\/wp-json\/wp\/v2\/vinhos\/6263\/revisions"}],"predecessor-version":[{"id":6264,"href":"https:\/\/www.pmc-wine.com\/fr\/wp-json\/wp\/v2\/vinhos\/6263\/revisions\/6264"}],"wp:featuredmedia":[{"embeddable":true,"href":"https:\/\/www.pmc-wine.com\/fr\/wp-json\/wp\/v2\/media\/5269"}],"wp:attachment":[{"href":"https:\/\/www.pmc-wine.com\/fr\/wp-json\/wp\/v2\/media?parent=6263"}],"wp:term":[{"taxonomy":"tipos-de-vinho","embeddable":true,"href":"https:\/\/www.pmc-wine.com\/fr\/wp-json\/wp\/v2\/tipos-de-vinho?post=6263"},{"taxonomy":"regioes","embeddable":true,"href":"https:\/\/www.pmc-wine.com\/fr\/wp-json\/wp\/v2\/regioes?post=6263"},{"taxonomy":"produtor","embeddable":true,"href":"https:\/\/www.pmc-wine.com\/fr\/wp-json\/wp\/v2\/produtor?post=6263"}],"curies":[{"name":"wp","href":"https:\/\/api.w.org\/{rel}","templated":true}]}}

<p>Vin typique de l&rsquo;Algarve, élaboré à partir des cépages courants de la région &#8211; Negra Mole, Castelão et Aragonês.</p>



<p>Sa robe est d&rsquo;un rubis profond. Arôme avec beaucoup de fruits mûrs, prune, un peu de profondeur. Bouche en ligne, avec de la saveur et de la poigne, large et avec de la structure, des tannins mûrs et une acidité équilibrée. Un vin simple, direct, sans concession.</p>



<p>Ce vin se marie bien avec un steak de bœuf bien assaisonné, avec des épices et une saveur intense. Ajoutez-y des champignons grillés et des asperges et vous obtiendrez la combinaison idéale pour un repas divin.</p>

<p>Vin typique de l&rsquo;Algarve, élaboré à partir des cépages courants de la région &#8211; Negra Mole, Castelão et Aragonês. Sa robe est d&rsquo;un rubis profond. Arôme avec beaucoup de fruits mûrs, prune, un peu de profondeur. Bouche en ligne, avec de la saveur et de la poigne, large et avec de la structure, des tannins [&hellip;]</p>

<!-- This site is optimized with the Yoast SEO plugin v27.5 - https://yoast.com/product/yoast-seo-wordpress/ -->
<title>Vale da Parra Rouge - PMC Wine &amp; Food</title>
<meta name="description" content="Vin typique de l&#039;Algarve, élaboré à partir des cépages courants de la région - Negra Mole, Castelão et Aragonês." />
<meta name="robots" content="index, follow, max-snippet:-1, max-image-preview:large, max-video-preview:-1" />
<link rel="canonical" href="https://www.pmc-wine.com/fr/vinhos/vale-da-parra-rouge/" />
<meta property="og:locale" content="fr_FR" />
<meta property="og:type" content="article" />
<meta property="og:title" content="Vale da Parra Rouge - PMC Wine &amp; Food" />
<meta property="og:description" content="Vin typique de l&#039;Algarve, élaboré à partir des cépages courants de la région - Negra Mole, Castelão et Aragonês." />
<meta property="og:url" content="https://www.pmc-wine.com/fr/vinhos/vale-da-parra-rouge/" />
<meta property="og:site_name" content="PMC Wine &amp; Food" />
<meta property="article:modified_time" content="2024-03-12T12:26:01+00:00" />
<meta property="og:image" content="https://www.pmc-wine.com/wp-content/uploads/2021/07/Design-sem-nome-8-1.png" />
	<meta property="og:image:width" content="300" />
	<meta property="og:image:height" content="300" />
	<meta property="og:image:type" content="image/png" />
<meta name="twitter:card" content="summary_large_image" />
<meta name="twitter:label1" content="Durée de lecture estimée" />
	<meta name="twitter:data1" content="1 minute" />
<script type="application/ld+json" class="yoast-schema-graph">{"@context":"https:\/\/schema.org","@graph":[{"@type":"WebPage","@id":"https:\/\/www.pmc-wine.com\/fr\/vinhos\/vale-da-parra-rouge\/","url":"https:\/\/www.pmc-wine.com\/fr\/vinhos\/vale-da-parra-rouge\/","name":"Vale da Parra Rouge - PMC Wine & Food","isPartOf":{"@id":"https:\/\/www.pmc-wine.com\/fr\/#website"},"primaryImageOfPage":{"@id":"https:\/\/www.pmc-wine.com\/fr\/vinhos\/vale-da-parra-rouge\/#primaryimage"},"image":{"@id":"https:\/\/www.pmc-wine.com\/fr\/vinhos\/vale-da-parra-rouge\/#primaryimage"},"thumbnailUrl":"https:\/\/www.pmc-wine.com\/wp-content\/uploads\/2021\/07\/Design-sem-nome-8-1.png","datePublished":"2024-03-12T12:26:00+00:00","dateModified":"2024-03-12T12:26:01+00:00","description":"Vin typique de l'Algarve, élaboré à partir des cépages courants de la région - Negra Mole, Castelão et Aragonês.","breadcrumb":{"@id":"https:\/\/www.pmc-wine.com\/fr\/vinhos\/vale-da-parra-rouge\/#breadcrumb"},"inLanguage":"fr-FR","potentialAction":[{"@type":"ReadAction","target":["https:\/\/www.pmc-wine.com\/fr\/vinhos\/vale-da-parra-rouge\/"]}]},{"@type":"ImageObject","inLanguage":"fr-FR","@id":"https:\/\/www.pmc-wine.com\/fr\/vinhos\/vale-da-parra-rouge\/#primaryimage","url":"https:\/\/www.pmc-wine.com\/wp-content\/uploads\/2021\/07\/Design-sem-nome-8-1.png","contentUrl":"https:\/\/www.pmc-wine.com\/wp-content\/uploads\/2021\/07\/Design-sem-nome-8-1.png","width":300,"height":300},{"@type":"BreadcrumbList","@id":"https:\/\/www.pmc-wine.com\/fr\/vinhos\/vale-da-parra-rouge\/#breadcrumb","itemListElement":[{"@type":"ListItem","position":1,"name":"Accueil","item":"https:\/\/www.pmc-wine.com\/fr\/"},{"@type":"ListItem","position":2,"name":"Vins","item":"https:\/\/www.pmc-wine.com\/fr\/vinhos\/"},{"@type":"ListItem","position":3,"name":"Vale da Parra Rouge"}]},{"@type":"WebSite","@id":"https:\/\/www.pmc-wine.com\/fr\/#website","url":"https:\/\/www.pmc-wine.com\/fr\/","name":"PMC Wine & Food","description":"Poésie en Bouteille","publisher":{"@id":"https:\/\/www.pmc-wine.com\/fr\/#organization"},"potentialAction":[{"@type":"SearchAction","target":{"@type":"EntryPoint","urlTemplate":"https:\/\/www.pmc-wine.com\/fr\/?s={search_term_string}"},"query-input":{"@type":"PropertyValueSpecification","valueRequired":true,"valueName":"search_term_string"}}],"inLanguage":"fr-FR"},{"@type":"Organization","@id":"https:\/\/www.pmc-wine.com\/fr\/#organization","name":"PMC Wine & Food","url":"https:\/\/www.pmc-wine.com\/fr\/","logo":{"@type":"ImageObject","inLanguage":"fr-FR","@id":"https:\/\/www.pmc-wine.com\/fr\/#\/schema\/logo\/image\/","url":"https:\/\/www.pmc-wine.com\/wp-content\/uploads\/2021\/06\/pmc-logo-cor.svg","contentUrl":"https:\/\/www.pmc-wine.com\/wp-content\/uploads\/2021\/06\/pmc-logo-cor.svg","width":180,"height":81,"caption":"PMC Wine & Food"},"image":{"@id":"https:\/\/www.pmc-wine.com\/fr\/#\/schema\/logo\/image\/"}}]}</script>
<!-- / Yoast SEO plugin. -->

Vin typique de l'Algarve, élaboré à partir des cépages courants de la région - Negra Mole, Castelão et Aragonês.

Poésie en Bouteille
