{"id":6164,"date":"2024-03-12T10:25:35","date_gmt":"2024-03-12T10:25:35","guid":{"rendered":"https:\/\/www.pmc-wine.com\/?post_type=vinhos&#038;p=6164"},"modified":"2024-03-12T10:25:36","modified_gmt":"2024-03-12T10:25:36","slug":"ajuda-premium","status":"publish","type":"vinhos","link":"https:\/\/www.pmc-wine.com\/fr\/vinhos\/ajuda-premium\/","title":{"rendered":"Ajuda Premium"},"content":{"rendered":"\n<p>D&rsquo;une couleur sombre et profonde, ce vin nous montre ce que l&rsquo;Alentejo a de mieux \u00e0 offrir.<\/p>\n\n\n\n<p>Les meilleurs raisins ont \u00e9t\u00e9 d\u00e9licatement cueillis et s\u00e9lectionn\u00e9s pour donner naissance \u00e0 un vin de qualit\u00e9 sup\u00e9rieure, o\u00f9 les ar\u00f4mes de fruits noirs se m\u00ealent \u00e0 des notes grill\u00e9es, qui proviennent de son vieillissement dans le bois. Avec des tannins m\u00e2chus et un alcool g\u00e9n\u00e9reux, ce vin culmine dans une longue finale \u00e9pic\u00e9e.<\/p>\n\n\n\n<p>Un vin audacieux de l&rsquo;ouest qui demande des saveurs tout aussi intenses. C&rsquo;est pourquoi il convient de l&rsquo;associer \u00e0 des plats savoureux tels que le veau ou l&rsquo;agneau grill\u00e9. Si vous souhaitez l&rsquo;associer \u00e0 des fromages, investissez dans le grana padano, le pecorino ou le gouda fum\u00e9. Il se marie \u00e9galement avec les saveurs umami des champignons Portobello, Shitake ou Truffe noire.<\/p>\n","protected":false},"excerpt":{"rendered":"<p>D&rsquo;une couleur sombre et profonde, ce vin nous montre ce que l&rsquo;Alentejo a de mieux \u00e0 offrir. Les meilleurs raisins ont \u00e9t\u00e9 d\u00e9licatement cueillis et s\u00e9lectionn\u00e9s pour donner naissance \u00e0 un vin de qualit\u00e9 sup\u00e9rieure, o\u00f9 les ar\u00f4mes de fruits noirs se m\u00ealent \u00e0 des notes grill\u00e9es, qui proviennent de son vieillissement dans le bois. [&hellip;]<\/p>\n","protected":false},"featured_media":5213,"menu_order":0,"template":"","format":"standard","meta":{"footnotes":""},"tipos-de-vinho":[118],"regioes":[120],"produtor":[140],"class_list":["post-6164","vinhos","type-vinhos","status-publish","format-standard","has-post-thumbnail","hentry","tipos-de-vinho-rouge","regioes-alentejo-fr","produtor-herdade-da-ajuda-fr"],"acf":[],"yoast_head":"<!-- This site is optimized with the Yoast SEO plugin v27.5 - https:\/\/yoast.com\/product\/yoast-seo-wordpress\/ -->\n<title>Ajuda Premium - PMC Wine &amp; Food<\/title>\n<meta name=\"description\" content=\"D&#039;une couleur sombre et profonde, ce vin nous montre ce que l&#039;Alentejo a de mieux \u00e0 offrir.\" \/>\n<meta name=\"robots\" content=\"index, follow, max-snippet:-1, max-image-preview:large, max-video-preview:-1\" \/>\n<link rel=\"canonical\" href=\"https:\/\/www.pmc-wine.com\/fr\/vinhos\/ajuda-premium\/\" \/>\n<meta property=\"og:locale\" content=\"fr_FR\" \/>\n<meta property=\"og:type\" content=\"article\" \/>\n<meta property=\"og:title\" content=\"Ajuda Premium - PMC Wine &amp; Food\" \/>\n<meta property=\"og:description\" content=\"D&#039;une couleur sombre et profonde, ce vin nous montre ce que l&#039;Alentejo a de mieux \u00e0 offrir.\" \/>\n<meta property=\"og:url\" content=\"https:\/\/www.pmc-wine.com\/fr\/vinhos\/ajuda-premium\/\" \/>\n<meta property=\"og:site_name\" content=\"PMC Wine &amp; Food\" \/>\n<meta property=\"article:modified_time\" content=\"2024-03-12T10:25:36+00:00\" \/>\n<meta property=\"og:image\" content=\"https:\/\/www.pmc-wine.com\/wp-content\/uploads\/2021\/07\/Design-sem-nome-56.png\" \/>\n\t<meta property=\"og:image:width\" content=\"300\" \/>\n\t<meta property=\"og:image:height\" content=\"300\" \/>\n\t<meta property=\"og:image:type\" content=\"image\/png\" \/>\n<meta name=\"twitter:card\" content=\"summary_large_image\" \/>\n<meta name=\"twitter:label1\" content=\"Dur\u00e9e de lecture estim\u00e9e\" \/>\n\t<meta name=\"twitter:data1\" content=\"1 minute\" \/>\n<script type=\"application\/ld+json\" class=\"yoast-schema-graph\">{\"@context\":\"https:\\\/\\\/schema.org\",\"@graph\":[{\"@type\":\"WebPage\",\"@id\":\"https:\\\/\\\/www.pmc-wine.com\\\/fr\\\/vinhos\\\/ajuda-premium\\\/\",\"url\":\"https:\\\/\\\/www.pmc-wine.com\\\/fr\\\/vinhos\\\/ajuda-premium\\\/\",\"name\":\"Ajuda Premium - PMC Wine & Food\",\"isPartOf\":{\"@id\":\"https:\\\/\\\/www.pmc-wine.com\\\/fr\\\/#website\"},\"primaryImageOfPage\":{\"@id\":\"https:\\\/\\\/www.pmc-wine.com\\\/fr\\\/vinhos\\\/ajuda-premium\\\/#primaryimage\"},\"image\":{\"@id\":\"https:\\\/\\\/www.pmc-wine.com\\\/fr\\\/vinhos\\\/ajuda-premium\\\/#primaryimage\"},\"thumbnailUrl\":\"https:\\\/\\\/www.pmc-wine.com\\\/wp-content\\\/uploads\\\/2021\\\/07\\\/Design-sem-nome-56.png\",\"datePublished\":\"2024-03-12T10:25:35+00:00\",\"dateModified\":\"2024-03-12T10:25:36+00:00\",\"description\":\"D'une couleur sombre et profonde, ce vin nous montre ce que l'Alentejo a de mieux \u00e0 offrir.\",\"breadcrumb\":{\"@id\":\"https:\\\/\\\/www.pmc-wine.com\\\/fr\\\/vinhos\\\/ajuda-premium\\\/#breadcrumb\"},\"inLanguage\":\"fr-FR\",\"potentialAction\":[{\"@type\":\"ReadAction\",\"target\":[\"https:\\\/\\\/www.pmc-wine.com\\\/fr\\\/vinhos\\\/ajuda-premium\\\/\"]}]},{\"@type\":\"ImageObject\",\"inLanguage\":\"fr-FR\",\"@id\":\"https:\\\/\\\/www.pmc-wine.com\\\/fr\\\/vinhos\\\/ajuda-premium\\\/#primaryimage\",\"url\":\"https:\\\/\\\/www.pmc-wine.com\\\/wp-content\\\/uploads\\\/2021\\\/07\\\/Design-sem-nome-56.png\",\"contentUrl\":\"https:\\\/\\\/www.pmc-wine.com\\\/wp-content\\\/uploads\\\/2021\\\/07\\\/Design-sem-nome-56.png\",\"width\":300,\"height\":300},{\"@type\":\"BreadcrumbList\",\"@id\":\"https:\\\/\\\/www.pmc-wine.com\\\/fr\\\/vinhos\\\/ajuda-premium\\\/#breadcrumb\",\"itemListElement\":[{\"@type\":\"ListItem\",\"position\":1,\"name\":\"Accueil\",\"item\":\"https:\\\/\\\/www.pmc-wine.com\\\/fr\\\/\"},{\"@type\":\"ListItem\",\"position\":2,\"name\":\"Vins\",\"item\":\"https:\\\/\\\/www.pmc-wine.com\\\/fr\\\/vinhos\\\/\"},{\"@type\":\"ListItem\",\"position\":3,\"name\":\"Ajuda Premium\"}]},{\"@type\":\"WebSite\",\"@id\":\"https:\\\/\\\/www.pmc-wine.com\\\/fr\\\/#website\",\"url\":\"https:\\\/\\\/www.pmc-wine.com\\\/fr\\\/\",\"name\":\"PMC Wine & Food\",\"description\":\"Po\u00e9sie en Bouteille\",\"publisher\":{\"@id\":\"https:\\\/\\\/www.pmc-wine.com\\\/fr\\\/#organization\"},\"potentialAction\":[{\"@type\":\"SearchAction\",\"target\":{\"@type\":\"EntryPoint\",\"urlTemplate\":\"https:\\\/\\\/www.pmc-wine.com\\\/fr\\\/?s={search_term_string}\"},\"query-input\":{\"@type\":\"PropertyValueSpecification\",\"valueRequired\":true,\"valueName\":\"search_term_string\"}}],\"inLanguage\":\"fr-FR\"},{\"@type\":\"Organization\",\"@id\":\"https:\\\/\\\/www.pmc-wine.com\\\/fr\\\/#organization\",\"name\":\"PMC Wine & Food\",\"url\":\"https:\\\/\\\/www.pmc-wine.com\\\/fr\\\/\",\"logo\":{\"@type\":\"ImageObject\",\"inLanguage\":\"fr-FR\",\"@id\":\"https:\\\/\\\/www.pmc-wine.com\\\/fr\\\/#\\\/schema\\\/logo\\\/image\\\/\",\"url\":\"https:\\\/\\\/www.pmc-wine.com\\\/wp-content\\\/uploads\\\/2021\\\/06\\\/pmc-logo-cor.svg\",\"contentUrl\":\"https:\\\/\\\/www.pmc-wine.com\\\/wp-content\\\/uploads\\\/2021\\\/06\\\/pmc-logo-cor.svg\",\"width\":180,\"height\":81,\"caption\":\"PMC Wine & Food\"},\"image\":{\"@id\":\"https:\\\/\\\/www.pmc-wine.com\\\/fr\\\/#\\\/schema\\\/logo\\\/image\\\/\"}}]}<\/script>\n<!-- \/ Yoast SEO plugin. -->","yoast_head_json":{"title":"Ajuda Premium - PMC Wine & Food","description":"D'une couleur sombre et profonde, ce vin nous montre ce que l'Alentejo a de mieux \u00e0 offrir.","robots":{"index":"index","follow":"follow","max-snippet":"max-snippet:-1","max-image-preview":"max-image-preview:large","max-video-preview":"max-video-preview:-1"},"canonical":"https:\/\/www.pmc-wine.com\/fr\/vinhos\/ajuda-premium\/","og_locale":"fr_FR","og_type":"article","og_title":"Ajuda Premium - PMC Wine & Food","og_description":"D'une couleur sombre et profonde, ce vin nous montre ce que l'Alentejo a de mieux \u00e0 offrir.","og_url":"https:\/\/www.pmc-wine.com\/fr\/vinhos\/ajuda-premium\/","og_site_name":"PMC Wine & Food","article_modified_time":"2024-03-12T10:25:36+00:00","og_image":[{"width":300,"height":300,"url":"https:\/\/www.pmc-wine.com\/wp-content\/uploads\/2021\/07\/Design-sem-nome-56.png","type":"image\/png"}],"twitter_card":"summary_large_image","twitter_misc":{"Dur\u00e9e de lecture estim\u00e9e":"1 minute"},"schema":{"@context":"https:\/\/schema.org","@graph":[{"@type":"WebPage","@id":"https:\/\/www.pmc-wine.com\/fr\/vinhos\/ajuda-premium\/","url":"https:\/\/www.pmc-wine.com\/fr\/vinhos\/ajuda-premium\/","name":"Ajuda Premium - PMC Wine & Food","isPartOf":{"@id":"https:\/\/www.pmc-wine.com\/fr\/#website"},"primaryImageOfPage":{"@id":"https:\/\/www.pmc-wine.com\/fr\/vinhos\/ajuda-premium\/#primaryimage"},"image":{"@id":"https:\/\/www.pmc-wine.com\/fr\/vinhos\/ajuda-premium\/#primaryimage"},"thumbnailUrl":"https:\/\/www.pmc-wine.com\/wp-content\/uploads\/2021\/07\/Design-sem-nome-56.png","datePublished":"2024-03-12T10:25:35+00:00","dateModified":"2024-03-12T10:25:36+00:00","description":"D'une couleur sombre et profonde, ce vin nous montre ce que l'Alentejo a de mieux \u00e0 offrir.","breadcrumb":{"@id":"https:\/\/www.pmc-wine.com\/fr\/vinhos\/ajuda-premium\/#breadcrumb"},"inLanguage":"fr-FR","potentialAction":[{"@type":"ReadAction","target":["https:\/\/www.pmc-wine.com\/fr\/vinhos\/ajuda-premium\/"]}]},{"@type":"ImageObject","inLanguage":"fr-FR","@id":"https:\/\/www.pmc-wine.com\/fr\/vinhos\/ajuda-premium\/#primaryimage","url":"https:\/\/www.pmc-wine.com\/wp-content\/uploads\/2021\/07\/Design-sem-nome-56.png","contentUrl":"https:\/\/www.pmc-wine.com\/wp-content\/uploads\/2021\/07\/Design-sem-nome-56.png","width":300,"height":300},{"@type":"BreadcrumbList","@id":"https:\/\/www.pmc-wine.com\/fr\/vinhos\/ajuda-premium\/#breadcrumb","itemListElement":[{"@type":"ListItem","position":1,"name":"Accueil","item":"https:\/\/www.pmc-wine.com\/fr\/"},{"@type":"ListItem","position":2,"name":"Vins","item":"https:\/\/www.pmc-wine.com\/fr\/vinhos\/"},{"@type":"ListItem","position":3,"name":"Ajuda Premium"}]},{"@type":"WebSite","@id":"https:\/\/www.pmc-wine.com\/fr\/#website","url":"https:\/\/www.pmc-wine.com\/fr\/","name":"PMC Wine & Food","description":"Po\u00e9sie en Bouteille","publisher":{"@id":"https:\/\/www.pmc-wine.com\/fr\/#organization"},"potentialAction":[{"@type":"SearchAction","target":{"@type":"EntryPoint","urlTemplate":"https:\/\/www.pmc-wine.com\/fr\/?s={search_term_string}"},"query-input":{"@type":"PropertyValueSpecification","valueRequired":true,"valueName":"search_term_string"}}],"inLanguage":"fr-FR"},{"@type":"Organization","@id":"https:\/\/www.pmc-wine.com\/fr\/#organization","name":"PMC Wine & Food","url":"https:\/\/www.pmc-wine.com\/fr\/","logo":{"@type":"ImageObject","inLanguage":"fr-FR","@id":"https:\/\/www.pmc-wine.com\/fr\/#\/schema\/logo\/image\/","url":"https:\/\/www.pmc-wine.com\/wp-content\/uploads\/2021\/06\/pmc-logo-cor.svg","contentUrl":"https:\/\/www.pmc-wine.com\/wp-content\/uploads\/2021\/06\/pmc-logo-cor.svg","width":180,"height":81,"caption":"PMC Wine & Food"},"image":{"@id":"https:\/\/www.pmc-wine.com\/fr\/#\/schema\/logo\/image\/"}}]}},"_links":{"self":[{"href":"https:\/\/www.pmc-wine.com\/fr\/wp-json\/wp\/v2\/vinhos\/6164","targetHints":{"allow":["GET"]}}],"collection":[{"href":"https:\/\/www.pmc-wine.com\/fr\/wp-json\/wp\/v2\/vinhos"}],"about":[{"href":"https:\/\/www.pmc-wine.com\/fr\/wp-json\/wp\/v2\/types\/vinhos"}],"version-history":[{"count":1,"href":"https:\/\/www.pmc-wine.com\/fr\/wp-json\/wp\/v2\/vinhos\/6164\/revisions"}],"predecessor-version":[{"id":6165,"href":"https:\/\/www.pmc-wine.com\/fr\/wp-json\/wp\/v2\/vinhos\/6164\/revisions\/6165"}],"wp:featuredmedia":[{"embeddable":true,"href":"https:\/\/www.pmc-wine.com\/fr\/wp-json\/wp\/v2\/media\/5213"}],"wp:attachment":[{"href":"https:\/\/www.pmc-wine.com\/fr\/wp-json\/wp\/v2\/media?parent=6164"}],"wp:term":[{"taxonomy":"tipos-de-vinho","embeddable":true,"href":"https:\/\/www.pmc-wine.com\/fr\/wp-json\/wp\/v2\/tipos-de-vinho?post=6164"},{"taxonomy":"regioes","embeddable":true,"href":"https:\/\/www.pmc-wine.com\/fr\/wp-json\/wp\/v2\/regioes?post=6164"},{"taxonomy":"produtor","embeddable":true,"href":"https:\/\/www.pmc-wine.com\/fr\/wp-json\/wp\/v2\/produtor?post=6164"}],"curies":[{"name":"wp","href":"https:\/\/api.w.org\/{rel}","templated":true}]}}

<p>D&rsquo;une couleur sombre et profonde, ce vin nous montre ce que l&rsquo;Alentejo a de mieux à offrir.</p>



<p>Les meilleurs raisins ont été délicatement cueillis et sélectionnés pour donner naissance à un vin de qualité supérieure, où les arômes de fruits noirs se mêlent à des notes grillées, qui proviennent de son vieillissement dans le bois. Avec des tannins mâchus et un alcool généreux, ce vin culmine dans une longue finale épicée.</p>



<p>Un vin audacieux de l&rsquo;ouest qui demande des saveurs tout aussi intenses. C&rsquo;est pourquoi il convient de l&rsquo;associer à des plats savoureux tels que le veau ou l&rsquo;agneau grillé. Si vous souhaitez l&rsquo;associer à des fromages, investissez dans le grana padano, le pecorino ou le gouda fumé. Il se marie également avec les saveurs umami des champignons Portobello, Shitake ou Truffe noire.</p>

<p>D&rsquo;une couleur sombre et profonde, ce vin nous montre ce que l&rsquo;Alentejo a de mieux à offrir. Les meilleurs raisins ont été délicatement cueillis et sélectionnés pour donner naissance à un vin de qualité supérieure, où les arômes de fruits noirs se mêlent à des notes grillées, qui proviennent de son vieillissement dans le bois. [&hellip;]</p>

<!-- This site is optimized with the Yoast SEO plugin v27.5 - https://yoast.com/product/yoast-seo-wordpress/ -->
<title>Ajuda Premium - PMC Wine &amp; Food</title>
<meta name="description" content="D&#039;une couleur sombre et profonde, ce vin nous montre ce que l&#039;Alentejo a de mieux à offrir." />
<meta name="robots" content="index, follow, max-snippet:-1, max-image-preview:large, max-video-preview:-1" />
<link rel="canonical" href="https://www.pmc-wine.com/fr/vinhos/ajuda-premium/" />
<meta property="og:locale" content="fr_FR" />
<meta property="og:type" content="article" />
<meta property="og:title" content="Ajuda Premium - PMC Wine &amp; Food" />
<meta property="og:description" content="D&#039;une couleur sombre et profonde, ce vin nous montre ce que l&#039;Alentejo a de mieux à offrir." />
<meta property="og:url" content="https://www.pmc-wine.com/fr/vinhos/ajuda-premium/" />
<meta property="og:site_name" content="PMC Wine &amp; Food" />
<meta property="article:modified_time" content="2024-03-12T10:25:36+00:00" />
<meta property="og:image" content="https://www.pmc-wine.com/wp-content/uploads/2021/07/Design-sem-nome-56.png" />
	<meta property="og:image:width" content="300" />
	<meta property="og:image:height" content="300" />
	<meta property="og:image:type" content="image/png" />
<meta name="twitter:card" content="summary_large_image" />
<meta name="twitter:label1" content="Durée de lecture estimée" />
	<meta name="twitter:data1" content="1 minute" />
<script type="application/ld+json" class="yoast-schema-graph">{"@context":"https:\/\/schema.org","@graph":[{"@type":"WebPage","@id":"https:\/\/www.pmc-wine.com\/fr\/vinhos\/ajuda-premium\/","url":"https:\/\/www.pmc-wine.com\/fr\/vinhos\/ajuda-premium\/","name":"Ajuda Premium - PMC Wine & Food","isPartOf":{"@id":"https:\/\/www.pmc-wine.com\/fr\/#website"},"primaryImageOfPage":{"@id":"https:\/\/www.pmc-wine.com\/fr\/vinhos\/ajuda-premium\/#primaryimage"},"image":{"@id":"https:\/\/www.pmc-wine.com\/fr\/vinhos\/ajuda-premium\/#primaryimage"},"thumbnailUrl":"https:\/\/www.pmc-wine.com\/wp-content\/uploads\/2021\/07\/Design-sem-nome-56.png","datePublished":"2024-03-12T10:25:35+00:00","dateModified":"2024-03-12T10:25:36+00:00","description":"D'une couleur sombre et profonde, ce vin nous montre ce que l'Alentejo a de mieux à offrir.","breadcrumb":{"@id":"https:\/\/www.pmc-wine.com\/fr\/vinhos\/ajuda-premium\/#breadcrumb"},"inLanguage":"fr-FR","potentialAction":[{"@type":"ReadAction","target":["https:\/\/www.pmc-wine.com\/fr\/vinhos\/ajuda-premium\/"]}]},{"@type":"ImageObject","inLanguage":"fr-FR","@id":"https:\/\/www.pmc-wine.com\/fr\/vinhos\/ajuda-premium\/#primaryimage","url":"https:\/\/www.pmc-wine.com\/wp-content\/uploads\/2021\/07\/Design-sem-nome-56.png","contentUrl":"https:\/\/www.pmc-wine.com\/wp-content\/uploads\/2021\/07\/Design-sem-nome-56.png","width":300,"height":300},{"@type":"BreadcrumbList","@id":"https:\/\/www.pmc-wine.com\/fr\/vinhos\/ajuda-premium\/#breadcrumb","itemListElement":[{"@type":"ListItem","position":1,"name":"Accueil","item":"https:\/\/www.pmc-wine.com\/fr\/"},{"@type":"ListItem","position":2,"name":"Vins","item":"https:\/\/www.pmc-wine.com\/fr\/vinhos\/"},{"@type":"ListItem","position":3,"name":"Ajuda Premium"}]},{"@type":"WebSite","@id":"https:\/\/www.pmc-wine.com\/fr\/#website","url":"https:\/\/www.pmc-wine.com\/fr\/","name":"PMC Wine & Food","description":"Poésie en Bouteille","publisher":{"@id":"https:\/\/www.pmc-wine.com\/fr\/#organization"},"potentialAction":[{"@type":"SearchAction","target":{"@type":"EntryPoint","urlTemplate":"https:\/\/www.pmc-wine.com\/fr\/?s={search_term_string}"},"query-input":{"@type":"PropertyValueSpecification","valueRequired":true,"valueName":"search_term_string"}}],"inLanguage":"fr-FR"},{"@type":"Organization","@id":"https:\/\/www.pmc-wine.com\/fr\/#organization","name":"PMC Wine & Food","url":"https:\/\/www.pmc-wine.com\/fr\/","logo":{"@type":"ImageObject","inLanguage":"fr-FR","@id":"https:\/\/www.pmc-wine.com\/fr\/#\/schema\/logo\/image\/","url":"https:\/\/www.pmc-wine.com\/wp-content\/uploads\/2021\/06\/pmc-logo-cor.svg","contentUrl":"https:\/\/www.pmc-wine.com\/wp-content\/uploads\/2021\/06\/pmc-logo-cor.svg","width":180,"height":81,"caption":"PMC Wine & Food"},"image":{"@id":"https:\/\/www.pmc-wine.com\/fr\/#\/schema\/logo\/image\/"}}]}</script>
<!-- / Yoast SEO plugin. -->

D'une couleur sombre et profonde, ce vin nous montre ce que l'Alentejo a de mieux à offrir.

Poésie en Bouteille
