{"id":3318,"date":"2022-02-11T12:52:24","date_gmt":"2022-02-11T12:52:24","guid":{"rendered":"https:\/\/www.pmc-wine.com\/produtores\/adega-regional-de-colares\/"},"modified":"2022-02-11T12:52:24","modified_gmt":"2022-02-11T12:52:24","slug":"adega-regional-de-colares","status":"publish","type":"produtores","link":"https:\/\/www.pmc-wine.com\/fr\/produtores\/adega-regional-de-colares\/","title":{"rendered":"Adega Regional de Colares"},"content":{"rendered":"\n<h4 class=\"wp-block-heading\">La plus ancienne cave coop\u00e9rative du pays<\/h4>\n\n<p>Fond\u00e9e en 1931, c&rsquo;est la plus ancienne cave coop\u00e9rative du pays.<\/p>\n\n<p>Elle regroupe actuellement la majorit\u00e9 des producteurs de la R\u00e9gion D\u00e9limit\u00e9e de Colares, et les vins qu&rsquo;elle produit sont uniques au monde, avec un profil tr\u00e8s particulier.<\/p>\n\n<p>Ce sont des vins qui privil\u00e9gient un long vieillissement en f\u00fbts de bois exotique, ce qui leur conf\u00e8re une \u00e9l\u00e9gance sans pareille.<\/p>\n","protected":false},"excerpt":{"rendered":"<p>La plus ancienne cave coop\u00e9rative du pays Fond\u00e9e en 1931, c&rsquo;est la plus ancienne cave coop\u00e9rative du pays. Elle regroupe actuellement la majorit\u00e9 des producteurs de la R\u00e9gion D\u00e9limit\u00e9e de Colares, et les vins qu&rsquo;elle produit sont uniques au monde, avec un profil tr\u00e8s particulier. Ce sont des vins qui privil\u00e9gient un long vieillissement en [&hellip;]<\/p>\n","protected":false},"featured_media":2865,"menu_order":0,"template":"","format":"standard","meta":{"footnotes":""},"regioes":[126],"produtor":[137],"class_list":["post-3318","produtores","type-produtores","status-publish","format-standard","has-post-thumbnail","hentry","regioes-lisbonne","produtor-adega-regional-de-colares-fr"],"acf":[],"yoast_head":"<!-- This site is optimized with the Yoast SEO plugin v27.5 - https:\/\/yoast.com\/product\/yoast-seo-wordpress\/ -->\n<title>Adega Regional de Colares - PMC Wine &amp; Food<\/title>\n<meta name=\"description\" content=\"Fond\u00e9e en 1931, c&#039;est la plus ancienne cave coop\u00e9rative du pays. Elle regroupe actuellement la majorit\u00e9 des producteurs de la R\u00e9gion D\u00e9limit\u00e9e de Colares.\" \/>\n<meta name=\"robots\" content=\"index, follow, max-snippet:-1, max-image-preview:large, max-video-preview:-1\" \/>\n<link rel=\"canonical\" href=\"https:\/\/www.pmc-wine.com\/fr\/produtores\/adega-regional-de-colares\/\" \/>\n<meta property=\"og:locale\" content=\"fr_FR\" \/>\n<meta property=\"og:type\" content=\"article\" \/>\n<meta property=\"og:title\" content=\"Adega Regional de Colares - PMC Wine &amp; Food\" \/>\n<meta property=\"og:description\" content=\"Fond\u00e9e en 1931, c&#039;est la plus ancienne cave coop\u00e9rative du pays. Elle regroupe actuellement la majorit\u00e9 des producteurs de la R\u00e9gion D\u00e9limit\u00e9e de Colares.\" \/>\n<meta property=\"og:url\" content=\"https:\/\/www.pmc-wine.com\/fr\/produtores\/adega-regional-de-colares\/\" \/>\n<meta property=\"og:site_name\" content=\"PMC Wine &amp; Food\" \/>\n<meta property=\"og:image\" content=\"https:\/\/www.pmc-wine.com\/wp-content\/uploads\/2021\/07\/adega-regional-colares-header.jpg\" \/>\n\t<meta property=\"og:image:width\" content=\"1920\" \/>\n\t<meta property=\"og:image:height\" content=\"1080\" \/>\n\t<meta property=\"og:image:type\" content=\"image\/jpeg\" \/>\n<meta name=\"twitter:card\" content=\"summary_large_image\" \/>\n<script type=\"application\/ld+json\" class=\"yoast-schema-graph\">{\"@context\":\"https:\\\/\\\/schema.org\",\"@graph\":[{\"@type\":\"WebPage\",\"@id\":\"https:\\\/\\\/www.pmc-wine.com\\\/fr\\\/produtores\\\/adega-regional-de-colares\\\/\",\"url\":\"https:\\\/\\\/www.pmc-wine.com\\\/fr\\\/produtores\\\/adega-regional-de-colares\\\/\",\"name\":\"Adega Regional de Colares - PMC Wine & Food\",\"isPartOf\":{\"@id\":\"https:\\\/\\\/www.pmc-wine.com\\\/fr\\\/#website\"},\"primaryImageOfPage\":{\"@id\":\"https:\\\/\\\/www.pmc-wine.com\\\/fr\\\/produtores\\\/adega-regional-de-colares\\\/#primaryimage\"},\"image\":{\"@id\":\"https:\\\/\\\/www.pmc-wine.com\\\/fr\\\/produtores\\\/adega-regional-de-colares\\\/#primaryimage\"},\"thumbnailUrl\":\"https:\\\/\\\/www.pmc-wine.com\\\/wp-content\\\/uploads\\\/2021\\\/07\\\/adega-regional-colares-header.jpg\",\"datePublished\":\"2022-02-11T12:52:24+00:00\",\"description\":\"Fond\u00e9e en 1931, c'est la plus ancienne cave coop\u00e9rative du pays. Elle regroupe actuellement la majorit\u00e9 des producteurs de la R\u00e9gion D\u00e9limit\u00e9e de Colares.\",\"breadcrumb\":{\"@id\":\"https:\\\/\\\/www.pmc-wine.com\\\/fr\\\/produtores\\\/adega-regional-de-colares\\\/#breadcrumb\"},\"inLanguage\":\"fr-FR\",\"potentialAction\":[{\"@type\":\"ReadAction\",\"target\":[\"https:\\\/\\\/www.pmc-wine.com\\\/fr\\\/produtores\\\/adega-regional-de-colares\\\/\"]}]},{\"@type\":\"ImageObject\",\"inLanguage\":\"fr-FR\",\"@id\":\"https:\\\/\\\/www.pmc-wine.com\\\/fr\\\/produtores\\\/adega-regional-de-colares\\\/#primaryimage\",\"url\":\"https:\\\/\\\/www.pmc-wine.com\\\/wp-content\\\/uploads\\\/2021\\\/07\\\/adega-regional-colares-header.jpg\",\"contentUrl\":\"https:\\\/\\\/www.pmc-wine.com\\\/wp-content\\\/uploads\\\/2021\\\/07\\\/adega-regional-colares-header.jpg\",\"width\":1920,\"height\":1080,\"caption\":\"Adega Regional de Colares\"},{\"@type\":\"BreadcrumbList\",\"@id\":\"https:\\\/\\\/www.pmc-wine.com\\\/fr\\\/produtores\\\/adega-regional-de-colares\\\/#breadcrumb\",\"itemListElement\":[{\"@type\":\"ListItem\",\"position\":1,\"name\":\"Accueil\",\"item\":\"https:\\\/\\\/www.pmc-wine.com\\\/fr\\\/\"},{\"@type\":\"ListItem\",\"position\":2,\"name\":\"Producteurs\",\"item\":\"https:\\\/\\\/www.pmc-wine.com\\\/fr\\\/produtores\\\/\"},{\"@type\":\"ListItem\",\"position\":3,\"name\":\"Adega Regional de Colares\"}]},{\"@type\":\"WebSite\",\"@id\":\"https:\\\/\\\/www.pmc-wine.com\\\/fr\\\/#website\",\"url\":\"https:\\\/\\\/www.pmc-wine.com\\\/fr\\\/\",\"name\":\"PMC Wine & Food\",\"description\":\"Po\u00e9sie en Bouteille\",\"publisher\":{\"@id\":\"https:\\\/\\\/www.pmc-wine.com\\\/fr\\\/#organization\"},\"potentialAction\":[{\"@type\":\"SearchAction\",\"target\":{\"@type\":\"EntryPoint\",\"urlTemplate\":\"https:\\\/\\\/www.pmc-wine.com\\\/fr\\\/?s={search_term_string}\"},\"query-input\":{\"@type\":\"PropertyValueSpecification\",\"valueRequired\":true,\"valueName\":\"search_term_string\"}}],\"inLanguage\":\"fr-FR\"},{\"@type\":\"Organization\",\"@id\":\"https:\\\/\\\/www.pmc-wine.com\\\/fr\\\/#organization\",\"name\":\"PMC Wine & Food\",\"url\":\"https:\\\/\\\/www.pmc-wine.com\\\/fr\\\/\",\"logo\":{\"@type\":\"ImageObject\",\"inLanguage\":\"fr-FR\",\"@id\":\"https:\\\/\\\/www.pmc-wine.com\\\/fr\\\/#\\\/schema\\\/logo\\\/image\\\/\",\"url\":\"https:\\\/\\\/www.pmc-wine.com\\\/wp-content\\\/uploads\\\/2021\\\/06\\\/pmc-logo-cor.svg\",\"contentUrl\":\"https:\\\/\\\/www.pmc-wine.com\\\/wp-content\\\/uploads\\\/2021\\\/06\\\/pmc-logo-cor.svg\",\"width\":180,\"height\":81,\"caption\":\"PMC Wine & Food\"},\"image\":{\"@id\":\"https:\\\/\\\/www.pmc-wine.com\\\/fr\\\/#\\\/schema\\\/logo\\\/image\\\/\"}}]}<\/script>\n<!-- \/ Yoast SEO plugin. -->","yoast_head_json":{"title":"Adega Regional de Colares - PMC Wine & Food","description":"Fond\u00e9e en 1931, c'est la plus ancienne cave coop\u00e9rative du pays. Elle regroupe actuellement la majorit\u00e9 des producteurs de la R\u00e9gion D\u00e9limit\u00e9e de Colares.","robots":{"index":"index","follow":"follow","max-snippet":"max-snippet:-1","max-image-preview":"max-image-preview:large","max-video-preview":"max-video-preview:-1"},"canonical":"https:\/\/www.pmc-wine.com\/fr\/produtores\/adega-regional-de-colares\/","og_locale":"fr_FR","og_type":"article","og_title":"Adega Regional de Colares - PMC Wine & Food","og_description":"Fond\u00e9e en 1931, c'est la plus ancienne cave coop\u00e9rative du pays. Elle regroupe actuellement la majorit\u00e9 des producteurs de la R\u00e9gion D\u00e9limit\u00e9e de Colares.","og_url":"https:\/\/www.pmc-wine.com\/fr\/produtores\/adega-regional-de-colares\/","og_site_name":"PMC Wine & Food","og_image":[{"width":1920,"height":1080,"url":"https:\/\/www.pmc-wine.com\/wp-content\/uploads\/2021\/07\/adega-regional-colares-header.jpg","type":"image\/jpeg"}],"twitter_card":"summary_large_image","schema":{"@context":"https:\/\/schema.org","@graph":[{"@type":"WebPage","@id":"https:\/\/www.pmc-wine.com\/fr\/produtores\/adega-regional-de-colares\/","url":"https:\/\/www.pmc-wine.com\/fr\/produtores\/adega-regional-de-colares\/","name":"Adega Regional de Colares - PMC Wine & Food","isPartOf":{"@id":"https:\/\/www.pmc-wine.com\/fr\/#website"},"primaryImageOfPage":{"@id":"https:\/\/www.pmc-wine.com\/fr\/produtores\/adega-regional-de-colares\/#primaryimage"},"image":{"@id":"https:\/\/www.pmc-wine.com\/fr\/produtores\/adega-regional-de-colares\/#primaryimage"},"thumbnailUrl":"https:\/\/www.pmc-wine.com\/wp-content\/uploads\/2021\/07\/adega-regional-colares-header.jpg","datePublished":"2022-02-11T12:52:24+00:00","description":"Fond\u00e9e en 1931, c'est la plus ancienne cave coop\u00e9rative du pays. Elle regroupe actuellement la majorit\u00e9 des producteurs de la R\u00e9gion D\u00e9limit\u00e9e de Colares.","breadcrumb":{"@id":"https:\/\/www.pmc-wine.com\/fr\/produtores\/adega-regional-de-colares\/#breadcrumb"},"inLanguage":"fr-FR","potentialAction":[{"@type":"ReadAction","target":["https:\/\/www.pmc-wine.com\/fr\/produtores\/adega-regional-de-colares\/"]}]},{"@type":"ImageObject","inLanguage":"fr-FR","@id":"https:\/\/www.pmc-wine.com\/fr\/produtores\/adega-regional-de-colares\/#primaryimage","url":"https:\/\/www.pmc-wine.com\/wp-content\/uploads\/2021\/07\/adega-regional-colares-header.jpg","contentUrl":"https:\/\/www.pmc-wine.com\/wp-content\/uploads\/2021\/07\/adega-regional-colares-header.jpg","width":1920,"height":1080,"caption":"Adega Regional de Colares"},{"@type":"BreadcrumbList","@id":"https:\/\/www.pmc-wine.com\/fr\/produtores\/adega-regional-de-colares\/#breadcrumb","itemListElement":[{"@type":"ListItem","position":1,"name":"Accueil","item":"https:\/\/www.pmc-wine.com\/fr\/"},{"@type":"ListItem","position":2,"name":"Producteurs","item":"https:\/\/www.pmc-wine.com\/fr\/produtores\/"},{"@type":"ListItem","position":3,"name":"Adega Regional de Colares"}]},{"@type":"WebSite","@id":"https:\/\/www.pmc-wine.com\/fr\/#website","url":"https:\/\/www.pmc-wine.com\/fr\/","name":"PMC Wine & Food","description":"Po\u00e9sie en Bouteille","publisher":{"@id":"https:\/\/www.pmc-wine.com\/fr\/#organization"},"potentialAction":[{"@type":"SearchAction","target":{"@type":"EntryPoint","urlTemplate":"https:\/\/www.pmc-wine.com\/fr\/?s={search_term_string}"},"query-input":{"@type":"PropertyValueSpecification","valueRequired":true,"valueName":"search_term_string"}}],"inLanguage":"fr-FR"},{"@type":"Organization","@id":"https:\/\/www.pmc-wine.com\/fr\/#organization","name":"PMC Wine & Food","url":"https:\/\/www.pmc-wine.com\/fr\/","logo":{"@type":"ImageObject","inLanguage":"fr-FR","@id":"https:\/\/www.pmc-wine.com\/fr\/#\/schema\/logo\/image\/","url":"https:\/\/www.pmc-wine.com\/wp-content\/uploads\/2021\/06\/pmc-logo-cor.svg","contentUrl":"https:\/\/www.pmc-wine.com\/wp-content\/uploads\/2021\/06\/pmc-logo-cor.svg","width":180,"height":81,"caption":"PMC Wine & Food"},"image":{"@id":"https:\/\/www.pmc-wine.com\/fr\/#\/schema\/logo\/image\/"}}]}},"_links":{"self":[{"href":"https:\/\/www.pmc-wine.com\/fr\/wp-json\/wp\/v2\/produtores\/3318","targetHints":{"allow":["GET"]}}],"collection":[{"href":"https:\/\/www.pmc-wine.com\/fr\/wp-json\/wp\/v2\/produtores"}],"about":[{"href":"https:\/\/www.pmc-wine.com\/fr\/wp-json\/wp\/v2\/types\/produtores"}],"version-history":[{"count":1,"href":"https:\/\/www.pmc-wine.com\/fr\/wp-json\/wp\/v2\/produtores\/3318\/revisions"}],"predecessor-version":[{"id":3319,"href":"https:\/\/www.pmc-wine.com\/fr\/wp-json\/wp\/v2\/produtores\/3318\/revisions\/3319"}],"wp:featuredmedia":[{"embeddable":true,"href":"https:\/\/www.pmc-wine.com\/fr\/wp-json\/wp\/v2\/media\/2865"}],"wp:attachment":[{"href":"https:\/\/www.pmc-wine.com\/fr\/wp-json\/wp\/v2\/media?parent=3318"}],"wp:term":[{"taxonomy":"regioes","embeddable":true,"href":"https:\/\/www.pmc-wine.com\/fr\/wp-json\/wp\/v2\/regioes?post=3318"},{"taxonomy":"produtor","embeddable":true,"href":"https:\/\/www.pmc-wine.com\/fr\/wp-json\/wp\/v2\/produtor?post=3318"}],"curies":[{"name":"wp","href":"https:\/\/api.w.org\/{rel}","templated":true}]}}

<h4 class="wp-block-heading">La plus ancienne cave coopérative du pays</h4>

<p>Fondée en 1931, c&rsquo;est la plus ancienne cave coopérative du pays.</p>

<p>Elle regroupe actuellement la majorité des producteurs de la Région Délimitée de Colares, et les vins qu&rsquo;elle produit sont uniques au monde, avec un profil très particulier.</p>

<p>Ce sont des vins qui privilégient un long vieillissement en fûts de bois exotique, ce qui leur confère une élégance sans pareille.</p>

<p>La plus ancienne cave coopérative du pays Fondée en 1931, c&rsquo;est la plus ancienne cave coopérative du pays. Elle regroupe actuellement la majorité des producteurs de la Région Délimitée de Colares, et les vins qu&rsquo;elle produit sont uniques au monde, avec un profil très particulier. Ce sont des vins qui privilégient un long vieillissement en [&hellip;]</p>

<!-- This site is optimized with the Yoast SEO plugin v27.5 - https://yoast.com/product/yoast-seo-wordpress/ -->
<title>Adega Regional de Colares - PMC Wine &amp; Food</title>
<meta name="description" content="Fondée en 1931, c&#039;est la plus ancienne cave coopérative du pays. Elle regroupe actuellement la majorité des producteurs de la Région Délimitée de Colares." />
<meta name="robots" content="index, follow, max-snippet:-1, max-image-preview:large, max-video-preview:-1" />
<link rel="canonical" href="https://www.pmc-wine.com/fr/produtores/adega-regional-de-colares/" />
<meta property="og:locale" content="fr_FR" />
<meta property="og:type" content="article" />
<meta property="og:title" content="Adega Regional de Colares - PMC Wine &amp; Food" />
<meta property="og:description" content="Fondée en 1931, c&#039;est la plus ancienne cave coopérative du pays. Elle regroupe actuellement la majorité des producteurs de la Région Délimitée de Colares." />
<meta property="og:url" content="https://www.pmc-wine.com/fr/produtores/adega-regional-de-colares/" />
<meta property="og:site_name" content="PMC Wine &amp; Food" />
<meta property="og:image" content="https://www.pmc-wine.com/wp-content/uploads/2021/07/adega-regional-colares-header.jpg" />
	<meta property="og:image:width" content="1920" />
	<meta property="og:image:height" content="1080" />
	<meta property="og:image:type" content="image/jpeg" />
<meta name="twitter:card" content="summary_large_image" />
<script type="application/ld+json" class="yoast-schema-graph">{"@context":"https:\/\/schema.org","@graph":[{"@type":"WebPage","@id":"https:\/\/www.pmc-wine.com\/fr\/produtores\/adega-regional-de-colares\/","url":"https:\/\/www.pmc-wine.com\/fr\/produtores\/adega-regional-de-colares\/","name":"Adega Regional de Colares - PMC Wine & Food","isPartOf":{"@id":"https:\/\/www.pmc-wine.com\/fr\/#website"},"primaryImageOfPage":{"@id":"https:\/\/www.pmc-wine.com\/fr\/produtores\/adega-regional-de-colares\/#primaryimage"},"image":{"@id":"https:\/\/www.pmc-wine.com\/fr\/produtores\/adega-regional-de-colares\/#primaryimage"},"thumbnailUrl":"https:\/\/www.pmc-wine.com\/wp-content\/uploads\/2021\/07\/adega-regional-colares-header.jpg","datePublished":"2022-02-11T12:52:24+00:00","description":"Fondée en 1931, c'est la plus ancienne cave coopérative du pays. Elle regroupe actuellement la majorité des producteurs de la Région Délimitée de Colares.","breadcrumb":{"@id":"https:\/\/www.pmc-wine.com\/fr\/produtores\/adega-regional-de-colares\/#breadcrumb"},"inLanguage":"fr-FR","potentialAction":[{"@type":"ReadAction","target":["https:\/\/www.pmc-wine.com\/fr\/produtores\/adega-regional-de-colares\/"]}]},{"@type":"ImageObject","inLanguage":"fr-FR","@id":"https:\/\/www.pmc-wine.com\/fr\/produtores\/adega-regional-de-colares\/#primaryimage","url":"https:\/\/www.pmc-wine.com\/wp-content\/uploads\/2021\/07\/adega-regional-colares-header.jpg","contentUrl":"https:\/\/www.pmc-wine.com\/wp-content\/uploads\/2021\/07\/adega-regional-colares-header.jpg","width":1920,"height":1080,"caption":"Adega Regional de Colares"},{"@type":"BreadcrumbList","@id":"https:\/\/www.pmc-wine.com\/fr\/produtores\/adega-regional-de-colares\/#breadcrumb","itemListElement":[{"@type":"ListItem","position":1,"name":"Accueil","item":"https:\/\/www.pmc-wine.com\/fr\/"},{"@type":"ListItem","position":2,"name":"Producteurs","item":"https:\/\/www.pmc-wine.com\/fr\/produtores\/"},{"@type":"ListItem","position":3,"name":"Adega Regional de Colares"}]},{"@type":"WebSite","@id":"https:\/\/www.pmc-wine.com\/fr\/#website","url":"https:\/\/www.pmc-wine.com\/fr\/","name":"PMC Wine & Food","description":"Poésie en Bouteille","publisher":{"@id":"https:\/\/www.pmc-wine.com\/fr\/#organization"},"potentialAction":[{"@type":"SearchAction","target":{"@type":"EntryPoint","urlTemplate":"https:\/\/www.pmc-wine.com\/fr\/?s={search_term_string}"},"query-input":{"@type":"PropertyValueSpecification","valueRequired":true,"valueName":"search_term_string"}}],"inLanguage":"fr-FR"},{"@type":"Organization","@id":"https:\/\/www.pmc-wine.com\/fr\/#organization","name":"PMC Wine & Food","url":"https:\/\/www.pmc-wine.com\/fr\/","logo":{"@type":"ImageObject","inLanguage":"fr-FR","@id":"https:\/\/www.pmc-wine.com\/fr\/#\/schema\/logo\/image\/","url":"https:\/\/www.pmc-wine.com\/wp-content\/uploads\/2021\/06\/pmc-logo-cor.svg","contentUrl":"https:\/\/www.pmc-wine.com\/wp-content\/uploads\/2021\/06\/pmc-logo-cor.svg","width":180,"height":81,"caption":"PMC Wine & Food"},"image":{"@id":"https:\/\/www.pmc-wine.com\/fr\/#\/schema\/logo\/image\/"}}]}</script>
<!-- / Yoast SEO plugin. -->

Fondée en 1931, c'est la plus ancienne cave coopérative du pays. Elle regroupe actuellement la majorité des producteurs de la Région Délimitée de Colares.

Poésie en Bouteille
