{"id":3310,"date":"2022-02-11T12:47:54","date_gmt":"2022-02-11T12:47:54","guid":{"rendered":"https:\/\/www.pmc-wine.com\/produtores\/caves-primavera\/"},"modified":"2022-02-11T12:47:55","modified_gmt":"2022-02-11T12:47:55","slug":"caves-primavera","status":"publish","type":"produtores","link":"https:\/\/www.pmc-wine.com\/fr\/produtores\/caves-primavera\/","title":{"rendered":"Caves Primavera"},"content":{"rendered":"\n<h4 class=\"wp-block-heading\">O\u00f9 la modernit\u00e9 respecte la tradition<\/h4>\n\n<p>Les Caves Primavera ont \u00e9t\u00e9 fond\u00e9es en 1944 par les fr\u00e8res Vital et Luc\u00e9nio Rodrigues de Almeida, qui ont appliqu\u00e9 tous les processus manuellement.<\/p>\n\n<p>Actuellement, l&rsquo;entreprise dispose d&rsquo;une superficie de 10 000 m2 \u00e9quip\u00e9e d&rsquo;une technologie de pointe.<\/p>\n\n<p>Les vins des Caves Primavera sont une r\u00e9f\u00e9rence dans la r\u00e9gion de Bairrada et sont fr\u00e9quemment prim\u00e9s et mis en avant dans la presse sp\u00e9cialis\u00e9e internationale.<\/p>\n\n<p>Ces vins pr\u00e9servent le terroir de Bairrada.<\/p>\n","protected":false},"excerpt":{"rendered":"<p>O\u00f9 la modernit\u00e9 respecte la tradition Les Caves Primavera ont \u00e9t\u00e9 fond\u00e9es en 1944 par les fr\u00e8res Vital et Luc\u00e9nio Rodrigues de Almeida, qui ont appliqu\u00e9 tous les processus manuellement. Actuellement, l&rsquo;entreprise dispose d&rsquo;une superficie de 10 000 m2 \u00e9quip\u00e9e d&rsquo;une technologie de pointe. Les vins des Caves Primavera sont une r\u00e9f\u00e9rence dans la r\u00e9gion [&hellip;]<\/p>\n","protected":false},"featured_media":2863,"menu_order":0,"template":"","format":"standard","meta":{"footnotes":""},"regioes":[123],"produtor":[139],"class_list":["post-3310","produtores","type-produtores","status-publish","format-standard","has-post-thumbnail","hentry","regioes-bairrada-fr","produtor-caves-primavera-fr"],"acf":[],"yoast_head":"<!-- This site is optimized with the Yoast SEO plugin v27.5 - https:\/\/yoast.com\/product\/yoast-seo-wordpress\/ -->\n<title>Caves Primavera - PMC Wine &amp; Food<\/title>\n<meta name=\"description\" content=\"Les Caves Primavera ont \u00e9t\u00e9 fond\u00e9es en 1944 par les fr\u00e8res Vital et Luc\u00e9nio Rodrigues de Almeida, qui ont appliqu\u00e9 tous les processus manuellement.\" \/>\n<meta name=\"robots\" content=\"index, follow, max-snippet:-1, max-image-preview:large, max-video-preview:-1\" \/>\n<link rel=\"canonical\" href=\"https:\/\/www.pmc-wine.com\/fr\/produtores\/caves-primavera\/\" \/>\n<meta property=\"og:locale\" content=\"fr_FR\" \/>\n<meta property=\"og:type\" content=\"article\" \/>\n<meta property=\"og:title\" content=\"Caves Primavera - PMC Wine &amp; Food\" \/>\n<meta property=\"og:description\" content=\"Les Caves Primavera ont \u00e9t\u00e9 fond\u00e9es en 1944 par les fr\u00e8res Vital et Luc\u00e9nio Rodrigues de Almeida, qui ont appliqu\u00e9 tous les processus manuellement.\" \/>\n<meta property=\"og:url\" content=\"https:\/\/www.pmc-wine.com\/fr\/produtores\/caves-primavera\/\" \/>\n<meta property=\"og:site_name\" content=\"PMC Wine &amp; Food\" \/>\n<meta property=\"article:modified_time\" content=\"2022-02-11T12:47:55+00:00\" \/>\n<meta property=\"og:image\" content=\"https:\/\/www.pmc-wine.com\/wp-content\/uploads\/2021\/07\/caves-primavera-header.jpg\" \/>\n\t<meta property=\"og:image:width\" content=\"1920\" \/>\n\t<meta property=\"og:image:height\" content=\"1080\" \/>\n\t<meta property=\"og:image:type\" content=\"image\/jpeg\" \/>\n<meta name=\"twitter:card\" content=\"summary_large_image\" \/>\n<script type=\"application\/ld+json\" class=\"yoast-schema-graph\">{\"@context\":\"https:\\\/\\\/schema.org\",\"@graph\":[{\"@type\":\"WebPage\",\"@id\":\"https:\\\/\\\/www.pmc-wine.com\\\/fr\\\/produtores\\\/caves-primavera\\\/\",\"url\":\"https:\\\/\\\/www.pmc-wine.com\\\/fr\\\/produtores\\\/caves-primavera\\\/\",\"name\":\"Caves Primavera - PMC Wine & Food\",\"isPartOf\":{\"@id\":\"https:\\\/\\\/www.pmc-wine.com\\\/fr\\\/#website\"},\"primaryImageOfPage\":{\"@id\":\"https:\\\/\\\/www.pmc-wine.com\\\/fr\\\/produtores\\\/caves-primavera\\\/#primaryimage\"},\"image\":{\"@id\":\"https:\\\/\\\/www.pmc-wine.com\\\/fr\\\/produtores\\\/caves-primavera\\\/#primaryimage\"},\"thumbnailUrl\":\"https:\\\/\\\/www.pmc-wine.com\\\/wp-content\\\/uploads\\\/2021\\\/07\\\/caves-primavera-header.jpg\",\"datePublished\":\"2022-02-11T12:47:54+00:00\",\"dateModified\":\"2022-02-11T12:47:55+00:00\",\"description\":\"Les Caves Primavera ont \u00e9t\u00e9 fond\u00e9es en 1944 par les fr\u00e8res Vital et Luc\u00e9nio Rodrigues de Almeida, qui ont appliqu\u00e9 tous les processus manuellement.\",\"breadcrumb\":{\"@id\":\"https:\\\/\\\/www.pmc-wine.com\\\/fr\\\/produtores\\\/caves-primavera\\\/#breadcrumb\"},\"inLanguage\":\"fr-FR\",\"potentialAction\":[{\"@type\":\"ReadAction\",\"target\":[\"https:\\\/\\\/www.pmc-wine.com\\\/fr\\\/produtores\\\/caves-primavera\\\/\"]}]},{\"@type\":\"ImageObject\",\"inLanguage\":\"fr-FR\",\"@id\":\"https:\\\/\\\/www.pmc-wine.com\\\/fr\\\/produtores\\\/caves-primavera\\\/#primaryimage\",\"url\":\"https:\\\/\\\/www.pmc-wine.com\\\/wp-content\\\/uploads\\\/2021\\\/07\\\/caves-primavera-header.jpg\",\"contentUrl\":\"https:\\\/\\\/www.pmc-wine.com\\\/wp-content\\\/uploads\\\/2021\\\/07\\\/caves-primavera-header.jpg\",\"width\":1920,\"height\":1080,\"caption\":\"Caves Primavera\"},{\"@type\":\"BreadcrumbList\",\"@id\":\"https:\\\/\\\/www.pmc-wine.com\\\/fr\\\/produtores\\\/caves-primavera\\\/#breadcrumb\",\"itemListElement\":[{\"@type\":\"ListItem\",\"position\":1,\"name\":\"Accueil\",\"item\":\"https:\\\/\\\/www.pmc-wine.com\\\/fr\\\/\"},{\"@type\":\"ListItem\",\"position\":2,\"name\":\"Producteurs\",\"item\":\"https:\\\/\\\/www.pmc-wine.com\\\/fr\\\/produtores\\\/\"},{\"@type\":\"ListItem\",\"position\":3,\"name\":\"Caves Primavera\"}]},{\"@type\":\"WebSite\",\"@id\":\"https:\\\/\\\/www.pmc-wine.com\\\/fr\\\/#website\",\"url\":\"https:\\\/\\\/www.pmc-wine.com\\\/fr\\\/\",\"name\":\"PMC Wine & Food\",\"description\":\"Po\u00e9sie en Bouteille\",\"publisher\":{\"@id\":\"https:\\\/\\\/www.pmc-wine.com\\\/fr\\\/#organization\"},\"potentialAction\":[{\"@type\":\"SearchAction\",\"target\":{\"@type\":\"EntryPoint\",\"urlTemplate\":\"https:\\\/\\\/www.pmc-wine.com\\\/fr\\\/?s={search_term_string}\"},\"query-input\":{\"@type\":\"PropertyValueSpecification\",\"valueRequired\":true,\"valueName\":\"search_term_string\"}}],\"inLanguage\":\"fr-FR\"},{\"@type\":\"Organization\",\"@id\":\"https:\\\/\\\/www.pmc-wine.com\\\/fr\\\/#organization\",\"name\":\"PMC Wine & Food\",\"url\":\"https:\\\/\\\/www.pmc-wine.com\\\/fr\\\/\",\"logo\":{\"@type\":\"ImageObject\",\"inLanguage\":\"fr-FR\",\"@id\":\"https:\\\/\\\/www.pmc-wine.com\\\/fr\\\/#\\\/schema\\\/logo\\\/image\\\/\",\"url\":\"https:\\\/\\\/www.pmc-wine.com\\\/wp-content\\\/uploads\\\/2021\\\/06\\\/pmc-logo-cor.svg\",\"contentUrl\":\"https:\\\/\\\/www.pmc-wine.com\\\/wp-content\\\/uploads\\\/2021\\\/06\\\/pmc-logo-cor.svg\",\"width\":180,\"height\":81,\"caption\":\"PMC Wine & Food\"},\"image\":{\"@id\":\"https:\\\/\\\/www.pmc-wine.com\\\/fr\\\/#\\\/schema\\\/logo\\\/image\\\/\"}}]}<\/script>\n<!-- \/ Yoast SEO plugin. -->","yoast_head_json":{"title":"Caves Primavera - PMC Wine & Food","description":"Les Caves Primavera ont \u00e9t\u00e9 fond\u00e9es en 1944 par les fr\u00e8res Vital et Luc\u00e9nio Rodrigues de Almeida, qui ont appliqu\u00e9 tous les processus manuellement.","robots":{"index":"index","follow":"follow","max-snippet":"max-snippet:-1","max-image-preview":"max-image-preview:large","max-video-preview":"max-video-preview:-1"},"canonical":"https:\/\/www.pmc-wine.com\/fr\/produtores\/caves-primavera\/","og_locale":"fr_FR","og_type":"article","og_title":"Caves Primavera - PMC Wine & Food","og_description":"Les Caves Primavera ont \u00e9t\u00e9 fond\u00e9es en 1944 par les fr\u00e8res Vital et Luc\u00e9nio Rodrigues de Almeida, qui ont appliqu\u00e9 tous les processus manuellement.","og_url":"https:\/\/www.pmc-wine.com\/fr\/produtores\/caves-primavera\/","og_site_name":"PMC Wine & Food","article_modified_time":"2022-02-11T12:47:55+00:00","og_image":[{"width":1920,"height":1080,"url":"https:\/\/www.pmc-wine.com\/wp-content\/uploads\/2021\/07\/caves-primavera-header.jpg","type":"image\/jpeg"}],"twitter_card":"summary_large_image","schema":{"@context":"https:\/\/schema.org","@graph":[{"@type":"WebPage","@id":"https:\/\/www.pmc-wine.com\/fr\/produtores\/caves-primavera\/","url":"https:\/\/www.pmc-wine.com\/fr\/produtores\/caves-primavera\/","name":"Caves Primavera - PMC Wine & Food","isPartOf":{"@id":"https:\/\/www.pmc-wine.com\/fr\/#website"},"primaryImageOfPage":{"@id":"https:\/\/www.pmc-wine.com\/fr\/produtores\/caves-primavera\/#primaryimage"},"image":{"@id":"https:\/\/www.pmc-wine.com\/fr\/produtores\/caves-primavera\/#primaryimage"},"thumbnailUrl":"https:\/\/www.pmc-wine.com\/wp-content\/uploads\/2021\/07\/caves-primavera-header.jpg","datePublished":"2022-02-11T12:47:54+00:00","dateModified":"2022-02-11T12:47:55+00:00","description":"Les Caves Primavera ont \u00e9t\u00e9 fond\u00e9es en 1944 par les fr\u00e8res Vital et Luc\u00e9nio Rodrigues de Almeida, qui ont appliqu\u00e9 tous les processus manuellement.","breadcrumb":{"@id":"https:\/\/www.pmc-wine.com\/fr\/produtores\/caves-primavera\/#breadcrumb"},"inLanguage":"fr-FR","potentialAction":[{"@type":"ReadAction","target":["https:\/\/www.pmc-wine.com\/fr\/produtores\/caves-primavera\/"]}]},{"@type":"ImageObject","inLanguage":"fr-FR","@id":"https:\/\/www.pmc-wine.com\/fr\/produtores\/caves-primavera\/#primaryimage","url":"https:\/\/www.pmc-wine.com\/wp-content\/uploads\/2021\/07\/caves-primavera-header.jpg","contentUrl":"https:\/\/www.pmc-wine.com\/wp-content\/uploads\/2021\/07\/caves-primavera-header.jpg","width":1920,"height":1080,"caption":"Caves Primavera"},{"@type":"BreadcrumbList","@id":"https:\/\/www.pmc-wine.com\/fr\/produtores\/caves-primavera\/#breadcrumb","itemListElement":[{"@type":"ListItem","position":1,"name":"Accueil","item":"https:\/\/www.pmc-wine.com\/fr\/"},{"@type":"ListItem","position":2,"name":"Producteurs","item":"https:\/\/www.pmc-wine.com\/fr\/produtores\/"},{"@type":"ListItem","position":3,"name":"Caves Primavera"}]},{"@type":"WebSite","@id":"https:\/\/www.pmc-wine.com\/fr\/#website","url":"https:\/\/www.pmc-wine.com\/fr\/","name":"PMC Wine & Food","description":"Po\u00e9sie en Bouteille","publisher":{"@id":"https:\/\/www.pmc-wine.com\/fr\/#organization"},"potentialAction":[{"@type":"SearchAction","target":{"@type":"EntryPoint","urlTemplate":"https:\/\/www.pmc-wine.com\/fr\/?s={search_term_string}"},"query-input":{"@type":"PropertyValueSpecification","valueRequired":true,"valueName":"search_term_string"}}],"inLanguage":"fr-FR"},{"@type":"Organization","@id":"https:\/\/www.pmc-wine.com\/fr\/#organization","name":"PMC Wine & Food","url":"https:\/\/www.pmc-wine.com\/fr\/","logo":{"@type":"ImageObject","inLanguage":"fr-FR","@id":"https:\/\/www.pmc-wine.com\/fr\/#\/schema\/logo\/image\/","url":"https:\/\/www.pmc-wine.com\/wp-content\/uploads\/2021\/06\/pmc-logo-cor.svg","contentUrl":"https:\/\/www.pmc-wine.com\/wp-content\/uploads\/2021\/06\/pmc-logo-cor.svg","width":180,"height":81,"caption":"PMC Wine & Food"},"image":{"@id":"https:\/\/www.pmc-wine.com\/fr\/#\/schema\/logo\/image\/"}}]}},"_links":{"self":[{"href":"https:\/\/www.pmc-wine.com\/fr\/wp-json\/wp\/v2\/produtores\/3310","targetHints":{"allow":["GET"]}}],"collection":[{"href":"https:\/\/www.pmc-wine.com\/fr\/wp-json\/wp\/v2\/produtores"}],"about":[{"href":"https:\/\/www.pmc-wine.com\/fr\/wp-json\/wp\/v2\/types\/produtores"}],"version-history":[{"count":1,"href":"https:\/\/www.pmc-wine.com\/fr\/wp-json\/wp\/v2\/produtores\/3310\/revisions"}],"predecessor-version":[{"id":3311,"href":"https:\/\/www.pmc-wine.com\/fr\/wp-json\/wp\/v2\/produtores\/3310\/revisions\/3311"}],"wp:featuredmedia":[{"embeddable":true,"href":"https:\/\/www.pmc-wine.com\/fr\/wp-json\/wp\/v2\/media\/2863"}],"wp:attachment":[{"href":"https:\/\/www.pmc-wine.com\/fr\/wp-json\/wp\/v2\/media?parent=3310"}],"wp:term":[{"taxonomy":"regioes","embeddable":true,"href":"https:\/\/www.pmc-wine.com\/fr\/wp-json\/wp\/v2\/regioes?post=3310"},{"taxonomy":"produtor","embeddable":true,"href":"https:\/\/www.pmc-wine.com\/fr\/wp-json\/wp\/v2\/produtor?post=3310"}],"curies":[{"name":"wp","href":"https:\/\/api.w.org\/{rel}","templated":true}]}}

<h4 class="wp-block-heading">Où la modernité respecte la tradition</h4>

<p>Les Caves Primavera ont été fondées en 1944 par les frères Vital et Lucénio Rodrigues de Almeida, qui ont appliqué tous les processus manuellement.</p>

<p>Actuellement, l&rsquo;entreprise dispose d&rsquo;une superficie de 10 000 m2 équipée d&rsquo;une technologie de pointe.</p>

<p>Les vins des Caves Primavera sont une référence dans la région de Bairrada et sont fréquemment primés et mis en avant dans la presse spécialisée internationale.</p>

<p>Ces vins préservent le terroir de Bairrada.</p>

<p>Où la modernité respecte la tradition Les Caves Primavera ont été fondées en 1944 par les frères Vital et Lucénio Rodrigues de Almeida, qui ont appliqué tous les processus manuellement. Actuellement, l&rsquo;entreprise dispose d&rsquo;une superficie de 10 000 m2 équipée d&rsquo;une technologie de pointe. Les vins des Caves Primavera sont une référence dans la région [&hellip;]</p>

<!-- This site is optimized with the Yoast SEO plugin v27.5 - https://yoast.com/product/yoast-seo-wordpress/ -->
<title>Caves Primavera - PMC Wine &amp; Food</title>
<meta name="description" content="Les Caves Primavera ont été fondées en 1944 par les frères Vital et Lucénio Rodrigues de Almeida, qui ont appliqué tous les processus manuellement." />
<meta name="robots" content="index, follow, max-snippet:-1, max-image-preview:large, max-video-preview:-1" />
<link rel="canonical" href="https://www.pmc-wine.com/fr/produtores/caves-primavera/" />
<meta property="og:locale" content="fr_FR" />
<meta property="og:type" content="article" />
<meta property="og:title" content="Caves Primavera - PMC Wine &amp; Food" />
<meta property="og:description" content="Les Caves Primavera ont été fondées en 1944 par les frères Vital et Lucénio Rodrigues de Almeida, qui ont appliqué tous les processus manuellement." />
<meta property="og:url" content="https://www.pmc-wine.com/fr/produtores/caves-primavera/" />
<meta property="og:site_name" content="PMC Wine &amp; Food" />
<meta property="article:modified_time" content="2022-02-11T12:47:55+00:00" />
<meta property="og:image" content="https://www.pmc-wine.com/wp-content/uploads/2021/07/caves-primavera-header.jpg" />
	<meta property="og:image:width" content="1920" />
	<meta property="og:image:height" content="1080" />
	<meta property="og:image:type" content="image/jpeg" />
<meta name="twitter:card" content="summary_large_image" />
<script type="application/ld+json" class="yoast-schema-graph">{"@context":"https:\/\/schema.org","@graph":[{"@type":"WebPage","@id":"https:\/\/www.pmc-wine.com\/fr\/produtores\/caves-primavera\/","url":"https:\/\/www.pmc-wine.com\/fr\/produtores\/caves-primavera\/","name":"Caves Primavera - PMC Wine & Food","isPartOf":{"@id":"https:\/\/www.pmc-wine.com\/fr\/#website"},"primaryImageOfPage":{"@id":"https:\/\/www.pmc-wine.com\/fr\/produtores\/caves-primavera\/#primaryimage"},"image":{"@id":"https:\/\/www.pmc-wine.com\/fr\/produtores\/caves-primavera\/#primaryimage"},"thumbnailUrl":"https:\/\/www.pmc-wine.com\/wp-content\/uploads\/2021\/07\/caves-primavera-header.jpg","datePublished":"2022-02-11T12:47:54+00:00","dateModified":"2022-02-11T12:47:55+00:00","description":"Les Caves Primavera ont été fondées en 1944 par les frères Vital et Lucénio Rodrigues de Almeida, qui ont appliqué tous les processus manuellement.","breadcrumb":{"@id":"https:\/\/www.pmc-wine.com\/fr\/produtores\/caves-primavera\/#breadcrumb"},"inLanguage":"fr-FR","potentialAction":[{"@type":"ReadAction","target":["https:\/\/www.pmc-wine.com\/fr\/produtores\/caves-primavera\/"]}]},{"@type":"ImageObject","inLanguage":"fr-FR","@id":"https:\/\/www.pmc-wine.com\/fr\/produtores\/caves-primavera\/#primaryimage","url":"https:\/\/www.pmc-wine.com\/wp-content\/uploads\/2021\/07\/caves-primavera-header.jpg","contentUrl":"https:\/\/www.pmc-wine.com\/wp-content\/uploads\/2021\/07\/caves-primavera-header.jpg","width":1920,"height":1080,"caption":"Caves Primavera"},{"@type":"BreadcrumbList","@id":"https:\/\/www.pmc-wine.com\/fr\/produtores\/caves-primavera\/#breadcrumb","itemListElement":[{"@type":"ListItem","position":1,"name":"Accueil","item":"https:\/\/www.pmc-wine.com\/fr\/"},{"@type":"ListItem","position":2,"name":"Producteurs","item":"https:\/\/www.pmc-wine.com\/fr\/produtores\/"},{"@type":"ListItem","position":3,"name":"Caves Primavera"}]},{"@type":"WebSite","@id":"https:\/\/www.pmc-wine.com\/fr\/#website","url":"https:\/\/www.pmc-wine.com\/fr\/","name":"PMC Wine & Food","description":"Poésie en Bouteille","publisher":{"@id":"https:\/\/www.pmc-wine.com\/fr\/#organization"},"potentialAction":[{"@type":"SearchAction","target":{"@type":"EntryPoint","urlTemplate":"https:\/\/www.pmc-wine.com\/fr\/?s={search_term_string}"},"query-input":{"@type":"PropertyValueSpecification","valueRequired":true,"valueName":"search_term_string"}}],"inLanguage":"fr-FR"},{"@type":"Organization","@id":"https:\/\/www.pmc-wine.com\/fr\/#organization","name":"PMC Wine & Food","url":"https:\/\/www.pmc-wine.com\/fr\/","logo":{"@type":"ImageObject","inLanguage":"fr-FR","@id":"https:\/\/www.pmc-wine.com\/fr\/#\/schema\/logo\/image\/","url":"https:\/\/www.pmc-wine.com\/wp-content\/uploads\/2021\/06\/pmc-logo-cor.svg","contentUrl":"https:\/\/www.pmc-wine.com\/wp-content\/uploads\/2021\/06\/pmc-logo-cor.svg","width":180,"height":81,"caption":"PMC Wine & Food"},"image":{"@id":"https:\/\/www.pmc-wine.com\/fr\/#\/schema\/logo\/image\/"}}]}</script>
<!-- / Yoast SEO plugin. -->

Les Caves Primavera ont été fondées en 1944 par les frères Vital et Lucénio Rodrigues de Almeida, qui ont appliqué tous les processus manuellement.

Poésie en Bouteille
